
6
Let y be 6*(15/(-9) + 3). Let c(h) = h + 32. What is the remainder when 157 is divided by c(y)?
37
Let t(j) = -j**2 + 9*j + 14. Let q be t(10). Let v be 159/q + 5/20. Suppose -4*k = -100 + v. Calculate the remainder when 44 is divided by k.
14
Suppose 20*m - 14*m = 198. What is the remainder when 62 is divided by m?
29
What is the remainder when (-145)/(-7) + 1 + (-4)/(-14) is divided by 8?
6
Let z = 7 - -1. Let h = 0 - 4. Calculate the remainder when (h - -6)*(-42)/(-4) is divided by z.
5
Let d be 12/42 + 285/7. Suppose 3*k = -3*h - 2*k + 50, 3*h - d = 4*k. What is the remainder when h is divided by 3?
0
Let z = -17 + 17. Suppose -g + 2*j = -35, 3*j + z*j = -g + 30. Let l = -15 + g. What is the remainder when 33 is divided by l?
15
Calculate the remainder when (-720)/(-96)*140/2 is divided by 44.
41
Suppose -5*z - 32*i + 846 = -33*i, 0 = 5*i + 5. Calculate the remainder when z is divided by 29.
24
Suppose -49 = -4*d + 2*d - v, 2*d = -3*v + 39. Calculate the remainder when 94 is divided by d.
13
Let a = 17 + -6. Calculate the remainder when 4120/40 - 1*6 is divided by a.
9
Suppose 3*w - 38 = 2*v, -5*v + 25 = 5*w - 5. Calculate the remainder when 164 is divided by w.
4
Let y(i) be the first derivative of -3*i**2 - 27*i + 19. Suppose 2*h - 3*l - 69 = 0, 2*h + l = 140 - 51. Calculate the remainder when h is divided by y(-7).
12
Let f be 56/(-7)*(0 - 501/12). Suppose f = 3*y + 109. What is the remainder when y is divided by 26?
23
Suppose -3*v = -2*o - 170, 3*v - 4*v + 61 = -5*o. What is the remainder when 109 is divided by v?
53
Let l(n) = 13*n - 107. What is the remainder when 135 is divided by l(11)?
27
What is the remainder when (-18 - 26)/(8/(-12)) is divided by 25?
16
Let j be (5 - 6)/((-2)/10). Suppose j*a - 4*a - 2 = 0. Suppose 4*l + 4*v - 80 = -12, -29 = -a*l - 3*v. Calculate the remainder when l is divided by 12.
10
Suppose -169 + 1936 = 93*i. Calculate the remainder when 53 is divided by i.
15
Let l = 550 - 311. What is the remainder when l is divided by 61?
56
Let v = 2 - -2. Suppose 2*c = -v*c + 60. Suppose 0 = -4*b + 18 + c. What is the remainder when 11 is divided by b?
4
Let z = -1915 - -1934. What is the remainder when 73 is divided by z?
16
Let g = 889 + -463. Let z be (-2)/12 - g/36. Let v = 15 + z. Calculate the remainder when v is divided by 1.
0
Let u(y) = 3*y**2 + 19*y + 12. Let w(o) = -o**2 + 8. Let r be w(4). What is the remainder when 155 is divided by u(r)?
51
Let s = 4 + 5. Let l(a) = a**3 + 7*a**2 + 22*a + 214. Calculate the remainder when l(-7) is divided by s.
6
Let a(h) = 7*h**2 + 2*h + 2. Suppose 15 = -8*i + 13*i. Calculate the remainder when a(-2) is divided by -4 - (i - 6) - -10.
8
Suppose -4*p - k = -121, k = 3*p - 15 - 81. Calculate the remainder when 101 is divided by p.
8
Suppose -n = -0*n - 17. Let d(k) be the first derivative of k**3/3 - 7*k**2 + 19*k + 7. What is the remainder when n is divided by d(13)?
5
Let o(b) = 9*b**2 + 4*b + 4. Let k be o(-5). Suppose 0 = 4*l - k - 91. What is the remainder when l is divided by 39?
36
Suppose a - 3*g = 62, 5*g - 115 = 4*a - 342. Let s = 167 + -82. Suppose -3*h = 5*u - s, -5*h = -u + 5*u - 81. Calculate the remainder when a is divided by u.
11
Let t(h) = 0*h**2 + 1 - 2*h**2 + 3*h**2 + 0. What is the remainder when 1 is divided by t(0)?
0
Suppose -5*k = p - 311, 20*k - 2*p - 323 = 15*k. Calculate the remainder when 99 is divided by k.
36
Let d be 6/(-9) - -1*2/(-6). Let t(c) = -44*c - 1. Let r = -6 + 28. Calculate the remainder when t(d) is divided by r.
21
Let z = -10 + 17. Let d(f) = 3*f + 1. Let x be d(0). Suppose g - 5*h = -20, 2*h - 4 = g + x. Calculate the remainder when z is divided by g.
2
Let y(f) = -61*f + 28. What is the remainder when 93 is divided by y(0)?
9
Let x(z) = -8*z + 2*z - 319 + 326 - z**2. Calculate the remainder when 32 is divided by x(-5).
8
Let z = 16 + -17. Let r be z/(-2) + (-174)/(-12). What is the remainder when 43 is divided by 11*5/r*6?
21
Let q = 171 + -120. Calculate the remainder when 454 is divided by q.
46
Let j be (0*2/(-4))/2. Let g be 53/(-53) - 1*(-1 - 0). Suppose g = -3*y - 5*l + l + 112, j = y + l - 36. Calculate the remainder when 93 is divided by y.
29
Let k = 374 + -186. What is the remainder when k is divided by 20?
8
Suppose 17*k - 150 = 37. Calculate the remainder when 549 is divided by k.
10
Let o = -35 - -19. Let l be 5/(-3)*-1*3. Let a = l - o. What is the remainder when 82 is divided by a?
19
Suppose s - 22 = 6. Calculate the remainder when (245/s)/(2/8) is divided by 19.
16
Suppose -2*w + 18 = 5*o - 3*o, -4*w - 3*o = -37. What is the remainder when 66 is divided by w?
6
Let k(g) = -g**2 - 7*g + 51. Let p(i) = 35*i**2 + 2*i + 1. Calculate the remainder when p(-1) is divided by k(-11).
6
Suppose -2*s + 3*s + 21 = 0. Let k be (s/(-35))/((-2)/(-70)). Suppose -3*d + k + 40 = 2*n, 3*n - 91 = -5*d. What is the remainder when n is divided by 7?
4
Let l(u) = -u**2 - 5*u + 5. Let n be l(-5). Suppose 0 = -36*z - 163 + 1279. What is the remainder when ((-12)/1)/((-1)/n) is divided by z?
29
What is the remainder when (-188)/(-4)*2/2 is divided by 13 + -1*(0 + 2) + 1?
11
Let i(p) = -p**3 - 5*p**2 + 5*p - 4. Let t = 69 + -75. What is the remainder when 3 is divided by i(t)?
1
Let s = 71 + -46. Let x(k) = -k**2 + 54 - 30 + k + k**3 + s. Calculate the remainder when x(0) is divided by 13.
10
Let w be ((-2)/5)/(2/(-20)). Suppose -18*j + 14*j + 12 = 0. Suppose -4*f + 5*i + 15 = 0, w*f - 4*i - 19 + j = 0. What is the remainder when 10 is divided by f?
0
Suppose -14 = -2*k - 4. Suppose -2*q - 2*l = l - 33, q - k*l - 23 = 0. Suppose -123 = -3*z - 27. What is the remainder when z is divided by q?
14
Let q = -22 + 36. Let w(n) = 5*n - 14*n - 11*n + 10 + 2*n - n**2. Calculate the remainder when w(-15) is divided by q.
13
Let n(j) = 115*j**2 - 9*j + 21. Calculate the remainder when n(-4) is divided by 73.
72
Let z be (-54)/15*40/6. What is the remainder when (-315)/(-4) + 18/z is divided by 20?
18
Let c = 568 - 559. What is the remainder when c is divided by 5?
4
Let x be 7/((-14)/(-8))*11. Calculate the remainder when 88/9 - (1 + x/(-36)) is divided by 5.
0
Suppose 0 = -2*p, 0*j = 4*j + 4*p + 4. Let k be 15/12*(-4)/j. Suppose -165 = k*f - 10*f. What is the remainder when f is divided by 18?
15
Let q = -102 - -57. Let d = q + 59. Calculate the remainder when 40 is divided by d.
12
Let r = 228 - 198. Suppose -a + 5*x + 1 = -28, 0 = 5*a - 2*x - 30. Calculate the remainder when r is divided by a.
2
Suppose 0 = 5*d + 47 - 192. Suppose x - 8 = -3*x. Suppose x*v = 5*v - 342. What is the remainder when v is divided by d?
27
Let j(n) = 4*n + 8. Let m be j(17). Suppose 5*l - 4 - 5 = -w, 9 = 3*l. What is the remainder when 35 is divided by (-16)/24 - m/w?
11
Suppose 2*w - 3*w = 0. Suppose -5*h + 762 = 2*p, 3*p + 12 + w = 0. Suppose 3*s - h = 53. What is the remainder when s is divided by 18?
15
Let j be (-48)/(-15) + (-1)/5. Suppose -j*k + 15 = z, k - 25 + 8 = -z. Suppose -z = -b + 25. What is the remainder when b is divided by 9?
7
Suppose 0 = 7*q - 34 - 302. Calculate the remainder when 66 is divided by q.
18
Suppose -3*a = 5*y - 118, -y - y = -a + 54. Calculate the remainder when 100 is divided by a.
8
Suppose -32*u + 31*u + 4*a = -45, -4*u + 4*a = -228. What is the remainder when 536 is divided by u?
48
Suppose -39*k = -49*k + 430. Calculate the remainder when 339 is divided by k.
38
Let n be 4*3/6*1. Let m be -8*((-2)/2)/n. Suppose -m*y - 4*a + 132 = 0, 2*a - 81 = -2*y - 3*a. Calculate the remainder when 111 is divided by y.
27
Let n(q) = 12*q - 20. What is the remainder when 159 is divided by n(4)?
19
Suppose 3*b + 3 - 9 = 5*r, 6 = 3*b + 2*r. What is the remainder when 46 is divided by 46/b - (12/3 - 5)?
22
Let z(a) = -6*a + 1. Let b(m) = -m**2 - 17*m - 5. Let y be b(-16). Let k = y + -16. Calculate the remainder when 123 is divided by z(k).
30
Let l be (1/2)/(7/14). What is the remainder when -2 + l + -2 - -53 is divided by 18?
14
Let z(a) = -56*a - 284. What is the remainder when z(-8) is divided by 44?
32
Let x(s) = -3*s + 58 - 95 + 46. Calculate the remainder when x(-6) is divided by 7.
6
Let x(a) = 2*a**2 - 7*a - 65. Let u(o) = -4*o + 4. What is the remainder when x(-7) is divided by u(-6)?
26
Let a(d) = -d**2 - 16*d - 28. What is 